ivided by 7?
1
Calculate the remainder when 2345848 is divided by 43425.
898
What is the remainder when 328575 is divided by 11720?
415
Calculate the remainder when 5415 is divided by 778.
747
Calculate the remainder when 59703 is divided by 895.
633
What is the remainder when 2171097 is divided by 2170931?
166
What is the remainder when 94083997 is divided by 200?
197
Calculate the remainder when 7878069 is divided by 9922.
1
Calculate the remainder when 65285 is divided by 233.
45
Calculate the remainder when 8089266 is divided by 553.
535
What is the remainder when 260029280 is divided by 6?
2
What is the remainder when 13086045 is divided by 598?
11
What is the remainder when 883824 is divided by 1759?
806
Calculate the remainder when 3569869 is divided by 462.
457
Calculate the remainder when 143587 is divided by 67.
6
What is the remainder when 948711 is divided by 62?
49
What is the remainder when 278264 is divided by 92206?
1646
What is the remainder when 3480345 is divided by 870022?
257
What is the remainder when 234614 is divided by 117243?
128
What is the remainder when 1629775 is divided by 271605?
145
Calculate the remainder when 4950913 is divided by 17809.
11
Calculate the remainder when 26665754 is divided by 751.
748
Calculate the remainder when 5331840 is divided by 1730.
1710
What is the remainder when 45041638 is divided by 63?
40
Calculate the remainder when 1456660 is divided by 291330.
10
What is the remainder when 12939313 is divided by 300?
13
Calculate the remainder when 13063187 is divided by 1286.
1285
What is the remainder when 32436 is divided by 464?
420
What is the remainder when 52112 is divided by 3017?
823
What is the remainder when 88529 is divided by 14748?
41
Calculate the remainder when 19513 is divided by 4423.
1821
Calculate the remainder when 53480 is divided by 1979.
47
Calculate the remainder when 15598 is divided by 23.
4
What is the remainder when 188736 is divided by 94360?
16
Calculate the remainder when 27330963 is divided by 235.
228
What is the remainder when 380109 is divided by 25333?
114
Calculate the remainder when 91669274 is divided by 15678.
8
What is the remainder when 111792864 is divided by 1916?
12
Calculate the remainder when 28545 is divided by 3156.
141
What is the remainder when 1035688 is divided by 789?
520
What is the remainder when 58930 is divided by 4905?
70
What is the remainder when 220781 is divided by 12983?
70
What is the remainder when 61941 is divided by 237?
84
What is the remainder when 640118 is divided by 16394?
752
Calculate the remainder when 1237706 is divided by 16954.
64
Calculate the remainder when 23875 is divided by 2254.
1335
What is the remainder when 12733511 is divided by 795?
791
Calculate the remainder when 11916962 is divided by 126776.
18
What is the remainder when 20071 is divided by 31?
14
What is the remainder when 4388107 is divided by 41010?
37
What is the remainder when 4606651 is divided by 511849?
10
What is the remainder when 3792798 is divided by 19351?
2
What is the remainder when 81774 is divided by 276?
78
Calculate the remainder when 5942444 is divided by 71595.
59
Calculate the remainder when 12855 is divided by 11305.
1550
Calculate the remainder when 47784 is divided by 11934.
48
What is the remainder when 786543 is divided by 72?
15
What is the remainder when 2446345 is divided by 695?
640
What is the remainder when 9361533 is divided by 146273?
61
What is the remainder when 5054135 is divided by 270?
5
Calculate the remainder when 3273381 is divided by 12.
9
What is the remainder when 204037 is divided by 5820?
337
What is the remainder when 34832422 is divided by 178?
136
Calculate the remainder when 38375 is divided by 2128.
71
Calculate the remainder when 23645356 is divided by 992.
44
Calculate the remainder when 3377778 is divided by 4611.
2526
What is the remainder when 8298391 is divided by 6473?
5
What is the remainder when 81762994 is divided by 1581?
1579
Calculate the remainder when 21863439 is divided by 3643898.
51
What is the remainder when 61414453 is divided by 15?
13
What is the remainder when 161653 is divided by 648?
301
Calculate the remainder when 108243736 is divided by 951.
916
What is the remainder when 6459331 is divided by 206?
201
Calculate the remainder when 1411944 is divided by 862.
850
What is the remainder when 2855607 is divided by 81588?
27
Calculate the remainder when 473995 is divided by 1.
0
Calculate the remainder when 36721791 is divided by 1360066.
9
What is the remainder when 4131911 is divided by 52?
43
What is the remainder when 11683150 is divided by 6597?
6460
What is the remainder when 465811 is divided by 6629?
1781
Calculate the remainder when 1333669 is divided by 85.
19
Calculate the remainder when 4834888 is divided by 1269.
1267
What is the remainder when 941384 is divided by 470662?
60
What is the remainder when 540940 is divided by 38637?
22
What is the remainder when 62575 is divided by 1?
0
Calculate the remainder when 72956 is divided by 2172.
1280
What is the remainder when 4301534 is divided by 10727?
7
What is the remainder when 522388 is divided by 34796?
448
What is the remainder when 632866 is divided by 354?
268
Calculate the remainder when 305764 is divided by 76273.
672
Calculate the remainder when 1606277 is divided by 8324.
8069
Calculate the remainder when 12450218 is divided by 127.
27
Calculate the remainder when 38209 is divided by 4243.
22
What is the remainder when 7407037 is divided by 228?
1
What is the remainder when 10340628 is divided by 180?
168
Calculate the remainder when 150587 is divided by 12547.
23
Calculate the remainder when 55753948 is divided by 619.
618
What is the remainder when 21361 is divided by 441?
193
Calculate the remainder when 1560418 is divided by 219.
43
Calculate the remainder when 23542 is divided by 118.
60
Calculate the remainder when 291806492 is divided by 61.
60
What is the remainder when 12919058 is divided by 2583810?
8
Calculate the remainder when 6736271 is divided by 173.
170
Calculate the remainder when 43442 is divided by 42882.
560
Calculate the remainder when 254389 is divided by 63349.
993
What is the remainder when 1191054 is divided by 297?
84
Calculate the remainder when 15267459 is divided by 84.
39
Calculate the remainder when 265991 is divided by 543.
464
Calculate the remainder when 647136 is divided by 15917.
10456
Calculate the remainder when 512108 is divided by 35.
23
Calculate the remainder when 87718865 is divided by 49.
45
Calculate the remainder when 3288304 is divided by 2204.
2140
Calculate the remainder when 66056 is divided by 13185.
131
Calculate the remainder when 36334191 is divided by 508.
507
What is the remainder when 1091738 is divided by 545838?
62
What is the remainder when 704967 is divided by 142?
79
Calculate the remainder when 39558928 is divided by 101956.
0
What is the remainder when 278126 is divided by 1248?
1070
What is the remainder when 1350962 is divided by 8338?
206
What is the remainder when 9061 is divided by 8154?
907
Calculate the remainder when 350236579 is divided by 9972.
9967
Calculate the remainder when 9642673 is divided by 1854.
19
What is the remainder when 2099547 is divided by 75?
72
Calculate the remainder when 2201134 is divided by 3032.
2934
What is the remainder when 142879 is divided by 528?
319
What is the remainder when 181485 is divided by 9366?
3531
What is the remainder when 284517 is divided by 524?
509
What is the remainder when 4467711 is divided by 94?
79
What is the remainder when 45915672 is divided by 325?
322
What is the remainder when 111762 is divided by 53205?
5352
What is the remainder when 29611 is divided by 28934?
677
What is the remainder when 7273 is divided by 2905?
1463
Calculate the remainder when 19142278 is divided by 13.
12
Calculate the remainder when 183132261 is divided by 711.
702
Calculate the remainder when 17317201 is divided by 565.
516
Calculate the remainder when 640074 is divided by 17693.
3126
Calculate the remainder when 80574307 is divided by 1896.
1891
Calculate the remainder when 122426 is divided by 517.
414
What is the remainder when 4198441 is divided by 1633?
1631
Calculate the remainder when 13357